a composite number?
False
Is 9987737 a prime number?
True
Is 1104557 a prime number?
True
Is 121309 composite?
False
Is 17204645 a composite number?
True
Is 423605023 prime?
False
Is 1223513 prime?
False
Is 443467 prime?
True
Is 3420643 composite?
True
Is 745637413 prime?
False
Is 7109623 prime?
True
Is 624409937 a composite number?
True
Is 2156669 a composite number?
False
Is 56808287 composite?
False
Is 326786927 prime?
False
Is 27398803 a composite number?
False
Is 35055557 a prime number?
True
Is 2484959 prime?
True
Is 7073159 prime?
True
Is 264956353 prime?
False
Is 6329077 a composite number?
False
Is 816469 composite?
False
Is 43639919 a composite number?
False
Is 78883691 composite?
False
Is 4656287 prime?
False
Is 6426583 a composite number?
False
Is 45274267 composite?
False
Is 105763153 prime?
True
Is 10888937 composite?
False
Is 48026633 composite?
False
Is 108464581 a composite number?
False
Is 300989027 a composite number?
False
Is 675449 composite?
False
Is 388093337 composite?
False
Is 416303 a composite number?
True
Is 1267709 composite?
False
Is 3781489 a composite number?
False
Is 365923 composite?
True
Is 68325857 a composite number?
True
Is 24597029 prime?
True
Is 101089561 a composite number?
False
Is 5949239 a composite number?
False
Is 110022089 a composite number?
False
Is 1070483 a prime number?
False
Is 8707663 composite?
True
Is 21330509 prime?
False
Is 2182645 composite?
True
Is 1085084657 a composite number?
False
Is 2075537 a composite number?
False
Is 53526677 composite?
True
Is 4957019 a prime number?
True
Is 357449 prime?
False
Is 47630041 prime?
False
Is 12068593 prime?
False
Is 96320261 a composite number?
False
Is 194720153 a composite number?
False
Is 318830911 prime?
False
Is 263881853 a composite number?
False
Is 204669989 a composite number?
False
Is 9075895 a composite number?
True
Is 182098139 prime?
True
Is 19661149 a prime number?
False
Is 1110223 composite?
False
Is 43893446 prime?
False
Is 16977803 a prime number?
False
Is 2867621 prime?
False
Is 865231639 prime?
False
Is 36581101 composite?
True
Is 5528989 composite?
False
Is 5543243 composite?
False
Is 329518507 a composite number?
False
Is 1615727 a composite number?
True
Is 121088251 prime?
True
Is 51292327 a prime number?
True
Is 8278867 composite?
False
Is 5377721 composite?
True
Is 1255791 prime?
False
Is 1602353 a prime number?
True
Is 7434649 a prime number?
False
Is 1045028189 a prime number?
False
Is 878903 prime?
False
Is 57794123 a prime number?
True
Is 5853179 prime?
False
Is 71024021 composite?
False
Is 4333829 a prime number?
True
Is 10137461 a prime number?
True
Is 16304991 prime?
False
Is 38735513 a prime number?
False
Is 51400801 composite?
True
Is 107651729 prime?
False
Is 72927617 composite?
True
Is 5430443 composite?
False
Is 552334951 a composite number?
True
Is 85048121 a prime number?
True
Is 51464621 a prime number?
False
Is 1538731 a composite number?
False
Is 113736671 composite?
True
Is 189940639 a composite number?
True
Is 529211 a prime number?
False
Is 2827282 composite?
True
Is 662463653 prime?
True
Is 3699019 composite?
True
Is 9493547 composite?
True
Is 86180561 a composite number?
True
Is 7838453 a prime number?
False
Is 2939393 composite?
False
Is 33757861 a composite number?
False
Is 155164859 prime?
False
Is 1954661 a composite number?
False
Is 4828793 prime?
False
Is 2835491 a composite number?
False
Is 2934413 a composite number?
True
Is 8280431 a composite number?
False
Is 181971131 a prime number?
True
Is 163111619 a composite number?
True
Is 8055899 a prime number?
False
Is 3917777 composite?
True
Is 743531 a prime number?
False
Is 13784737 composite?
True
Is 1775119 a composite number?
True
Is 1394083 a composite number?
False
Is 3162367 composite?
True
Is 123263401 prime?
False
Is 9351721 a composite number?
True
Is 281874277 a prime number?
False
Is 3766601 prime?
True
Is 74267957 composite?
True
Is 7549111 a prime number?
False
Is 3267301 a prime number?
False
Is 1058942 a composite number?
True
Is 26322671 a prime number?
True
Is 69209509 composite?
True
Is 11790611 composite?
True
Is 2247659 composite?
False
Is 22839293 a prime number?
False
Is 132569603 a prime number?
False
Is 567311 a composite number?
True
Is 21520307 a prime number?
True
Is 7199651 prime?
False
Is 16302551 a composite number?
True
Is 81228929 prime?
True
Is 30414023 a prime number?
True
Is 6250129 a prime number?
True
Is 18069503 prime?
False
Is 5539187 composite?
False
Is 95245223 a composite number?
False
Is 99145209 prime?
False
Is 683201 composite?
False
Is 13848179 a composite number?
False
Is 13490509 a composite number?
False
Is 9163003 a prime number?
True
Is 1808491 a prime number?
True
Is 2191543 a prime number?
False
Is 73538317 prime?
True
Is 146257 a composite number?
True
Is 16440517 a prime number?
False
Is 3684721 a prime number?
True
Is 9208811 a composite number?
False
Is 23552849 prime?
True
Is 592082 a composite number?
True
Is 3054919 a prime number?
False
Is 44142547 a composite number?
False
Is 294908143 prime?
True
Is 21154907 a prime number?
True
Is 1070701 prime?
False
Is 139942993 prime?
True
Is 126271 prime?
True
Is 36837571 a prime number?
True
Is 3902317 composite?
False
Is 113528209 a composite number?
True
Is 1444237 a composite number?
False
Is 200992301 prime?
False
Is 5653409 composite?
True
Is 35148494 a prime number?
False
Is 211444157 prime?
False
Is 7815659 a composite number?
False
Is 1505261 a prime number?
True
Is 11812781 prime?
False
Is 62475779 prime?
False
Is 3604819 prime?
False
Is 1235341 composite?
True
Is 23720761 a prime number?
True
Is 5800343 composite?
False
Is 28242031 a prime number?
False
Is 5071589 a prime number?
True
Is 1424119 a prime number?
True
Is 1911713 composite?
False
Is 4461323 a composite number?
True
Is 1741121 composite?
True
Is 100477331 prime?
False
Is 10776653 a composite number?
False
Is 13210033 a composite number?
False
Is 21412778 composite?
True
Is 5134249 a prime number?
True
Is 54187433 prime?
True
Is 8063501 prime?
False
Is 1123153 a composite number?
True
Is 21828271 composite?
True
Is 14223173 composite?
False
Is 2270239 a composite number?
False
Is 56695222 a prime number?
False
Is 1618339 prime?
False
Is 273248485 a prime number?
False
Is 127031 composite?
False
Is 4826993 a prime number?
False
Is 3600767 a prime number?
False
Is 7832269 a prime number?
False
Is 4242223 a prime number?
True
Is 20528041 a prime number?
True
Is 224753 a prime number?
False
Is 56756429 prime?
True
Is 39620407 a prime number?
True
Is 9108487 prime?
True
Is 3011693 prime?
False
Is 2129203 composite?
False
Is 270113471 prime?
True
Is 21969061 composite?
True
Is 1569891 prime?
False
Is 347531973 a prime number?
False
Is 5994169 a prime number?
True
Is 60199547 a prime number?
True
Is 6230797 composite?
False
Is 5552579 prime?
False
Is 24675877 prime?
True
Is 41700205 composite?
True
Is 556565266 composite?
True
Is 4798067 a composite number?
True
Is 172561947 prime?
False
Is 7144843 a composite number?
False
Is 4305967 a prime number?
True
Is 46290443 prime?
False
Is 555340441 prime?
True
Is 864221311 composite?
False
Is 84828829 prime?
False
Is 4622473 a composite number?
True
Is 62776577 prime?
True
Is 4238911 a composite number?
False
Is 13242901 a prime number?
False
Is 129424573 composite?
True
Is 38935727 composite?
False
Is 2621669 prime?
True
Is 10310659 prime?
True
Is 487891601 composite?
True
Is 70524533 prime?
False
Is 4915451 a composite number?
False
Is 110615 a composite number?
True
Is 4708909 a prime number?
False
Is 42635171 a prime number?
True
Is 2726921 a prime number?
False
Is 184003 a composite number?
False
Is 16227331 composite?
False
Is 2642449 a prime number?
True
Is 4879261 prime?
True
Is 10863509 prime?
False
Is 43452551 composite?
False
Is 75630011 prime?
False
Is 163059241 a prime number?
True
Is 7924877 a composite number?
False
Is 111112873 composite?
False
Is 10582113 a prime number?
False
Is 3351671 prime?
True
Is 839237 composite?
True
Is 7138297 prime?
True
Is 201526819 composite?
True
Is 17283319 a composite number?
False
Is 292427 prime?
True
Is 3930139 a composite number?
False
Is 45256369 composite?
False
Is 6253373 comp